-f + 2*j - 9, -m*f = 4*j - 30. What is the units digit of f?
7
Suppose -6*s + 290 - 62 = 0. What is the tens digit of s?
3
Let b = 31 + 21. What is the tens digit of b?
5
Let c = 9 + -5. Suppose 8*x = c*x. What is the units digit of (-21)/(-6)*(x - -2)?
7
Suppose -3*f + m + 74 = 0, 0 = -2*f - 3*m + 12 + 41. What is the tens digit of f?
2
Let f = -64 - -106. What is the units digit of f?
2
Let b(g) be the third derivative of -g**4/8 + 2*g**2. Let d be b(-1). Suppose p - d - 3 = 0. What is the units digit of p?
6
Suppose -3*z + 42 = -3*y, z = 3*y + y + 26. What is the tens digit of z?
1
Suppose 2*v - 1 - 55 = 0. What is the tens digit of v?
2
Suppose -17 - 1 = 3*t. Let q be (-35)/(-14)*t/(-5). Suppose w + q*w = 48. What is the units digit of w?
2
Let f = 68 + -46. Suppose 0 = 2*h - f - 2. What is the units digit of h?
2
Let u = 217 - -74. What is the tens digit of u?
9
Let h be 9/(-3) + (1 - -21). Let o = h + -9. What is the units digit of o?
0
Let v = -11 - -12. What is the units digit of v?
1
Let p = 4 + -2. Suppose 0 = b + 4*s + 11, p*s = 3*b - b - 28. What is the units digit of b?
9
Suppose 12*d + 64 = 14*d. What is the tens digit of d?
3
Let p be (-4)/(-14) - (-244)/28. Suppose -2*h + 3*h = 2*f + p, 0 = 5*h + f - 23. What is the units digit of h?
5
Suppose 4*i = -i + 40. Suppose -3*d = d - i. Let u(l) = 2*l**2 + 2*l. What is the tens digit of u(d)?
1
Suppose 0 = 2*q + q - 18. Let h be 14/q + 3/(-9). Let c = h - -5. What is the units digit of c?
7
Suppose y + 5*f + 9 = 0, 3*f - 5*f = -2*y + 6. Let a be -1 - (-2*y + -4). Suppose 0 = -3*g + a + 4. What is the units digit of g?
3
Suppose -g + 14 = 5*x, 0 = 4*g - 4*x + 2*x - 34. What is the units digit of (g/(-15))/((-2)/30)?
9
Let j(v) = 2*v + 3. Let y(i) = -i**3 - 4*i**2 + 5*i + 2. Let k be y(-5). Suppose -k*a + 6 = -0. What is the units digit of j(a)?
9
Let s = 98 - 55. Suppose 3*k - s = -4*a, k = -2*k + 4*a + 35. What is the units digit of k?
3
Suppose -v + 185 = 3*v + 3*g, -2*v - g + 93 = 0. What is the units digit of v?
7
Let j(u) = -u**3 - 9*u**2 + u + 6. Let h be j(-9). Let v = 29 + h. What is the units digit of v?
6
Let c = -13 + 1. Let n = 22 + c. What is the tens digit of n?
1
Suppose -4*w - 86 = -h, -2*w = 4*h - 6*w - 344. What is the units digit of h?
6
Let q(x) = -x**3 + x + 1. Let z(m) = m**3 + 6*m**2 - 8*m - 7. Let v be z(-7). What is the units digit of q(v)?
1
Let p = 14 + 1. What is the units digit of p?
5
What is the tens digit of (-33)/4*(-9 + 5)?
3
Let q(w) = 2*w + 2. Let c be 3/(-2) + 9/6. What is the units digit of q(c)?
2
Let r = 1 - 3. Let o be (-2)/7 - (-116)/14. Let h = r + o. What is the units digit of h?
6
Let c(w) = -w + 0*w + 2*w + 26. What is the tens digit of c(0)?
2
Let c(b) = 9*b**2 - b - 1. What is the tens digit of c(2)?
3
Let b be ((-4)/2)/(-2) + -2. Let v(i) = 5*i + 1. Let u be v(b). Let x(l) = l**2 + 2*l - 2. What is the units digit of x(u)?
6
Suppose 0 = -3*m + 15, 2*y = 3*m - 1 - 10. Let d be (8 - -1) + -5 + y. What is the tens digit of 86/d - 1/3?
1
Suppose 4*h = -2*s + 6 + 18, 2*h - 42 = -4*s. Let y = s + -6. Let c = y + -3. What is the units digit of c?
1
Suppose 3*m + 2*o - 14 = 0, 29 = -m + 4*m - o. Let l = 9 - m. What is the units digit of l?
1
Suppose 0*d = 3*d - 732. What is the tens digit of d?
4
Suppose 0 = 3*l - 5 - 1. Let r = 14 - 10. Suppose -6*p = -2*p + 2*a - 2, -2*p + r = -l*a. What is the units digit of p?
1
Let m(o) = 7*o + 32. What is the units digit of m(8)?
8
Suppose 0 = -5*n + 2*z + 25, 0*z = 4*z + 20. Let w(c) = -3*c**n + 5 + 2*c**3 - c**2 - 6*c**2. What is the units digit of w(-7)?
5
Let v be 30/(0 - (-1 - 1)). Let m(l) = -v - 6*l - l**2 + 2*l**2 + 5 + 14*l. What is the tens digit of m(-10)?
1
Let t = 7 - -1. Let h be -16*(17/(-4) + 2). Suppose -5*z - h = -t*z. What is the units digit of z?
2
Let u(k) = k**3 + 4*k**2 - 2*k - 5. Let p = 15 - 11. Suppose -o + 0 = p. What is the units digit of u(o)?
3
Let f(u) = -u**3 - 4*u**2 + 5*u + 2. Let l be f(-5). Let g(k) = -1 - 7 + k**3 - 4*k**2 + 5*k + 12*k**l. What is the units digit of g(-7)?
6
Suppose 0 = -2*a + 6*a - 32. Suppose -5*o - 18 + 5 = x, -a = o + 2*x. Let k = o + 9. What is the units digit of k?
7
Let l = 4 - 7. Let f be 8/l*9/6. What is the units digit of f/26 + (-134)/(-26)?
5
Suppose 2*i + m = -2*i + 109, 3*m = -2*i + 67. What is the units digit of i?
6
Let r(x) be the second derivative of x**4/12 - x**3/6 - 2*x. Let u be r(3). What is the units digit of (4/3)/(4/u)?
2
Suppose 2*s - 8 = 18. What is the units digit of s?
3
Suppose 3*c - w = 310, -11*c - 406 = -15*c + 5*w. What is the hundreds digit of c?
1
Let p = 7 - 2. Let b(u) = u + 1. What is the units digit of b(p)?
6
Let p = 10 - 17. Suppose -3*w - 4*b - 12 = 7, 3*b - 15 = 0. Let c = p - w. What is the units digit of c?
6
Suppose 8*w + 714 = 11*w. What is the hundreds digit of w?
2
Suppose w = -2, 5*w + 40 = -3*l + 3*w. Let o = -10 - l. What is the units digit of o?
2
Let p(r) = r**3 + r**2 + 2. Suppose -k = 2*g, 4*k + 0*g = 2*g. What is the units digit of p(k)?
2
Suppose 0*t = t - 32. What is the tens digit of t?
3
Suppose 3 = z + 9. What is the tens digit of (-12)/4*z/1?
1
Let o = 48 - 3. Suppose 8*d = 7*d - 27. Let m = d + o. What is the units digit of m?
8
Suppose -2*j = -0*j - 4*p - 2, 4*p = 0. Suppose k + j = -3*f, 5*k + f = 21 + 2. Suppose -2*l - 13 = -3*l - k*y, -5*l - 2*y = -19. What is the units digit of l?
3
Suppose -d + 4*s + 3 = 2*s, 3*s + 1 = 5*d. Let a = d - -1. What is the units digit of a/1 - 15/(-3)?
5
Let v(m) = -2*m**3 - 5*m**2 - m + 3. What is the units digit of v(-3)?
5
Let l(k) = -k**2 - 4*k - 2. Let q be l(-4). Let z(c) = -18*c - 2. What is the units digit of z(q)?
4
Let z = 10 - 6. Suppose -x + 40 = z*x. What is the units digit of x?
8
What is the tens digit of (-71)/1*(-1 - 0)?
7
Let t(u) = -128*u**3 - u**2 + 2. What is the units digit of t(-1)?
9
Suppose -6*z = -2*z - 20. Let d = 15 - z. What is the units digit of d?
0
Let j be 6*-2*1/(-6). Let z(s) be the second derivative of s**4/12 + s**3/3 - s**2/2 + 2*s. What is the units digit of z(j)?
7
Suppose -5*v + 1 = -l - 9, 3*l - 2*v = -30. Let a(f) = -f**3 - 11*f**2 - 13*f - 14. What is the tens digit of a(l)?
1
Suppose 4*l - 98 - 82 = 0. What is the units digit of l/(-10)*(-4 + -2)?
7
Let j be (8 + 2)/(2 - 0). Suppose j*l + 17 = -3*k + 47, 3*k = 0. What is the units digit of l?
6
Suppose 95 = k + 5*h, k = -4*h + 32 + 61. Suppose -4*q + k - 1 = 0. What is the units digit of q?
1
Suppose -5*n = -11*n + 918. What is the tens digit of n?
5
Suppose 0 = 3*q + 3*s - 243, -4*q + 167 = -5*s - 112. What is the units digit of q?
6
Suppose -4*x + 2*p + 4 = 0, 0 = -6*p + p. Let m be 1/(-1)*x*-7. Suppose 0 = 5*s - m*r + 3*r - 14, -8 = 2*s - 5*r. What is the units digit of s?
6
Let t = -5 + 66. Suppose 2*l - 25 = d + 6, -5*l - 3*d = -t. What is the units digit of l?
4
Let f = 72 - 42. Suppose 2*i + 0*i - r - f = 0, -66 = -4*i + 5*r. What is the units digit of i?
4
Let y(x) = -x**3 + x**2 - x + 5. Let o(a) = -a**2 - 6*a - 5. Let c be o(-5). What is the units digit of y(c)?
5
Let z = 2 - -2. Suppose -3*a = -z*r - a + 126, -3*r - 5*a + 62 = 0. Let s = -20 + r. What is the units digit of s?
9
Let c(l) be the second derivative of 7/2*l**2 - 2*l + 0 + 1/6*l**3. What is the units digit of c(-6)?
1
Suppose 2*a + 30 = 2*r + 4*a, 2*a = r. What is the units digit of r?
0
Suppose 9*n - 4*n = 0. Suppose n = -b - 2*v + 7*v - 19, b + 3*v - 13 = 0. What is the units digit of b?
1
Let h(i) = -i - 2. Let l be h(-4). Suppose 2 + l = 4*m. What is the units digit of m?
1
Let a(c) = -c**2 - 10*c - 5. Let m(q) = -8*q. Let x be m(1). What is the tens digit of a(x)?
1
Let z(a) = a**3 + 10*a**2 + 8*a - 9. Let w be z(-9). Let u be (10/(2 - w))/1. Suppose 0 = u*p + 2*g - 0*g - 49, 16 = 2*p - g. What is the units digit of p?
9
Suppose -5 = f - 1. Suppose 2 = -5*g + 27. Let h = g - f. What is the units digit of h?
9
Suppose 124 = 5*p - 2*g, 2*p - 4*g + g - 54 = 0. Suppose w = -0*w. What is the units digit of (w + p)/2 - 2?
0
Suppose p + 2*y + 11 = 0, 0*y = -4*p + 4*y - 32. Let w(d) = -2*d - 4. What is the units digit of w(p)?
4
Let s(p) = -p**3 - 4*p**2 + 4*p + 1. Let f = -13 - -8. What is the units digit of s(f)?
6
Let b = -124 + 215. What is the units digit of b?
1
Let y(z) = z**3 +